 in base 6?
-2435232
947423 (base 11) to base 5
342032344
224345011 (base 6) to base 5
2024312302
Convert 34441a (base 14) to base 2.
110110010010011101000
Convert 2cb352 (base 13) to base 8.
4170053
1000110111101000 (base 2) to base 8
106750
Convert 954a7 (base 12) to base 7.
1444222
Convert 505212 (base 6) to base 8.
116150
Convert -1233 (base 8) to base 6.
-3031
-1011011010101111011 (base 2) to base 13
-1013ac
Convert 5814988 (base 10) to base 11.
3311983
What is -28869 (base 11) in base 3?
-2002012112
Convert 156724 (base 8) to base 5.
3304123
-11001001020 (base 3) to base 11
-547a8
Convert 1bdd638 (base 14) to base 7.
226562401
Convert -160367 (base 8) to base 2.
-1110000011110111
3845331 (base 9) to base 16
1ffeeb
278b58 (base 14) to base 10
1368746
-104320344 (base 5) to base 8
-1611751
Convert 3244201333 (base 5) to base 11.
3a66891
Convert 6a968 (base 11) to base 10.
102319
Convert 301031010 (base 4) to base 9.
336413
Convert -20245 (base 15) to base 3.
-12011121002
212607 (base 10) to base 14
576a3
Convert 3205013 (base 6) to base 7.
1221405
a66fa (base 16) to base 7
5536346
What is 4669 (base 12) in base 15?
24dc
What is 73361 (base 15) in base 5?
43142031
What is 88890 (base 10) in base 12?
43536
188744 (base 9) to base 11
80701
Convert -290554 (base 11) to base 16.
-6ef87
Convert 1527 (base 11) to base 4.
132231
Convert -101110110101111011001 (base 2) to base 7.
-16022015
121546654 (base 7) to base 3
112100102022101
What is 1002330320 (base 5) in base 8?
7471676
-7104233 (base 8) to base 16
-1c889b
What is 103664a (base 11) in base 5?
431334000
6305415 (base 7) to base 11
478748
-aa7637 (base 11) to base 15
-24d853
What is 22102123 (base 5) in base 13?
68b88
Convert 34260251 (base 7) to base 8.
13316503
What is -14521643 (base 7) in base 6?
-45353432
1100110101110101 (base 2) to base 3
2200011001
Convert -11111101110101010 (base 2) to base 16.
-1fbaa
Convert 11011121000 (base 3) to base 4.
110002200
What is 339152 (base 10) in base 4?
1102303100
Convert -12221001121 (base 3) to base 12.
-57637
What is 1100011033 (base 4) in base 6?
11010331
What is 211533 (base 9) in base 2?
11110101101111111
What is -22c6 (base 15) in base 16?
-1cda
What is -6102515 (base 7) in base 11?
-454759
Convert -4007552 (base 8) to base 5.
-232140042
Convert 101001010000001011010 (base 2) to base 4.
11022001122
554409 (base 10) to base 6
15514413
Convert 1be75 (base 15) to base 7.
526223
Convert 56748 (base 11) to base 5.
10111330
Convert 1946338 (base 11) to base 5.
1320203344
What is -633101 (base 8) in base 5?
-23213442
Convert 24403010 (base 7) to base 12.
895022
What is 1241244030 (base 5) in base 16?
2edf15
-112201210001222 (base 3) to base 4
-131313200021
Convert -a25a9 (base 12) to base 4.
-303223101
Convert 13111120121 (base 4) to base 13.
524132
124400361 (base 7) to base 11
453a973
Convert -5a397 (base 11) to base 7.
-511412
What is 22795 (base 14) in base 9?
136876
What is 230a24 (base 11) in base 5?
43223021
Convert -275053 (base 9) to base 5.
-20331333
1021101121110 (base 3) to base 11
422675
658137 (base 12) to base 14
2dcdab
What is -3233e (base 15) in base 7?
-1232414
What is 112220101100 (base 3) in base 9?
486340
What is 10011110010001100 (base 2) in base 8?
236214
-207502 (base 8) to base 4
-100331002
What is 58534 (base 12) in base 14?
31156
What is 10222200102210 (base 3) in base 11?
1218478
-381007 (base 13) to base 10
-1344571
Convert -1660261 (base 7) to base 13.
-820c0
-22002001111 (base 3) to base 16
-26cf2
Convert 11022010121022 (base 3) to base 9.
4263538
Convert 728431 (base 10) to base 13.
1c6732
-11101000110011101101 (base 2) to base 7
-11051056
Convert -1be9ee (base 16) to base 6.
-103113130
Convert -2299985 (base 10) to base 14.
-43c289
Convert 25776875 (base 9) to base 14.
1983a23
What is -101010110010101000 (base 2) in base 11?
-10a759
What is 7a6299 (base 12) in base 11?
11195aa
Convert 351653 (base 10) to base 14.
92221
What is 61b575 (base 12) in base 11?
9581a2
30013200312 (base 4) to base 5
1303122002
What is 302064 (base 9) in base 15?
37e0d
What is -32616662 (base 8) in base 6?
-410243442
-446620 (base 10) to base 8
-1550234
-4204042433 (base 5) to base 9
-17257062
Convert 1235640 (base 8) to base 5.
41433234
-51584 (base 10) to base 2
-1100100110000000
Convert 150280 (base 10) to base 4.
210230020
What is 26137 (base 12) in base 16?
cb3b
What is -137325 (base 9) in base 16?
-14885
2134332 (base 6) to base 4
121313300
Convert -11212210221200 (base 3) to base 6.
-131335243
What is 111330122 (base 4) in base 5?
10334012
381075 (base 9) to base 4
320100200
What is 1921675 (base 10) in base 15?
27e5ba
What is -10022102210221 (base 3) in base 11?
-aa2682
10002202320 (base 4) to base 8
4024270
What is 6225364 (base 7) in base 4?
2312023222
What is -11010010111001101110 (base 2) in base 13?
-243274
Convert 1106542 (base 8) to base 4.
1020311202
What is 303011223 (base 4) in base 8?
630553
121690a (base 12) to base 10
3516058
-684b73 (base 16) to base 9
-13766840
94416c (base 13) to base 11
1a57285
What is -34648a (base 12) in base 3?
-1120200221021
What is -350777 (base 8) in base 3?
-20001122100
Convert 1111000111111001011110 (base 2) to base 5.
2003331020
What is -201243324 (base 7) in base 12?
-3aba013
Convert 320230024 (base 5) to base 3.
2111220000021
What is -1d2798 (base 15) in base 5?
-331112333
Convert -212411403 (base 5) to base 14.
-19761c
Convert -25110622 (base 7) to base 9.
-4216057
Convert -20000010202 (base 3) to base 2.
-11100110110110111
What is -111111100111000101 (base 2) in base 4?
-333213011
What is -1822299 (base 11) in base 13?
-843655
3011112333 (base 4) to base 7
6604542
Convert 140211411 (base 5) to base 13.
1bb372
10d343 (base 14) to base 10
574143
100011000011000001 (base 2) to base 3
21021220210
Convert bb4b0a (base 12) to base 7.
34163560
What is 3218714 (base 9) in base 13?
485458
What is 7dc27 (base 15) in base 13?
110692
What is 120020211212202 (base 3) in base 4?
132323012120
188633 (base 11) to base 5
33231324
-11002221100 (base 3) to base 11
-55842
708157 (base 9) to base 5
101404213
What is -b2b427 (base 12) in base 7?
-32533063
Convert -1343760 (base 8) to base 13.
-1035a5
Convert 10174462 (base 8) to base 13.
5a8788
What is -bf8e (base 16) in base 15?
-e7e3
-9c36 (base 15) to base 2
-1000000101100110
5422b (base 15) to base 8
1011554
-13425 (base 14) to base 15
-e0e5
What is -14b2cb (base 13) in base 15?
-a128e
Convert -6650083 (base 9) to base 12.
-1245410
Convert -12221120010 (base 3) to base 8.
-344470
111100101011000010110 (base 2) to base 14
39a766
What is 1000222133 (base 4) in base 13?
93731
Convert 212b41 (base 13) to base 8.
2756355
Convert 553252 (base 6) to base 9.
70225
What is -1e3680 (base 16) in base 7?
-22554455
-1c705 (base 16) to base 3
-12220210021
Convert -219516 (base 12) to base 11.
-3357a2
Convert 266871 (base 10) to base 13.
94617
What is 149784 (base 11) in base 10?
232533
What is -2012000111 (base 3) in base 15?
-cb34
Convert 1244500 (base 7) to base 13.
58c5a
Convert -77425 (base 12) to base 7.
-1225133
What is -3120301212 (base 4) in base 11?
-557111
-14820173 (base 9) to base 15
-9b0de9
Convert -122135240 (base 6) to base 11.
-1362350
-4a98b9 (base 14) to base 5
-1123440013
Convert aab947 (base 12) to base 4.
22113012013
Convert -3202327 (base 8) to base 10.
-853207
7280500 (base 10) to base 13
167bab6
Convert -10422302 (base 7) to base 10.
-896408
What is -25602036 (base 8) in base 12?
-1ab01ba
-3132320 (base 6) to base 10
-152184
Convert fc1d0 (base 16) to base 5.
231021111
11010002120212 (base 3) to base 13
5b7408
332414110 (base 5) to base 15
1d9e8a
426850 (base 11) to base 10
682495
11d2aa (base 15) to base 3
1121102010121
52440023 (base 6) to base 8
5652717
What is -1870c (base 14) in base 4?
-33010320
13020144133 (base 5) to base 14
214d60a
-18293 (base 12) to base 6
-425503
What is 84308 (base 13) in base 12?
b573b
25323353 (base 6) to base 11
50aa79
-13033210 (base 8) to base 14
-555d56
Convert 721257 (base 8) to base 9.
402737
540a38 (base 14) to base 2
1010110110100001111010
What is abca (base 16) in base 11?
30050
-79a257 (base 11) to base 3
-2101122212112
103033113132 (base 4) to base 5
2242344203
-d4ed4 (base 15) to base 4
-221030213